576. What is the hundreds digit of m?
5
Let g(s) = 485*s**2 - 266*s - 1347. What is the ten thousands digit of g(-5)?
1
Let n = 74450 - 11886. What is the units digit of n?
4
Let f(p) be the third derivative of -3/8*p**4 + 0*p + 0 + 22*p**2 + 43/6*p**3. What is the units digit of f(0)?
3
Let m = -78 - -80. Let f be (1 - m)*(2/1 - -6). What is the tens digit of ((-6)/f)/(1778/296 + -6)?
1
Let y be 16 - (5 + (-3 - 0)). Suppose 38*t - 37152 = y*t. What is the hundreds digit of t?
5
Suppose -5*w = -2*w + 192. Let k = w + 68. What is the tens digit of ((-22)/k)/((-5)/50)?
5
What is the tens digit of ((0 + 1)*-1)/(-8*15/3498000)?
5
Suppose 3*j - 5*v = 35, -4 = -4*j + 4*v - 8*v. Suppose -116 = j*t + 2*f, -t - 4*t - 101 = -3*f. What is the units digit of (-458)/t + 72/33 + -2?
1
What is the hundreds digit of 448750/50*(-12)/(-10)?
7
Suppose -66*u + 465128 = 376464 - 1478374. What is the ten thousands digit of u?
2
Suppose 4*i = 4*a + 4732, -797 = -3*i - 5*a + 2768. What is the tens digit of i?
8
Let b(v) = 622*v - 1885. What is the tens digit of b(13)?
0
Let b(s) = 15*s - 25. Let p be b(4). What is the units digit of (11907/p)/3 - (-4)/(-10)?
3
Suppose -322*g - 151557 = -371*g. What is the tens digit of g?
9
Suppose -7*b = 92 - 50. What is the hundreds digit of 9960/18 - 4/b?
5
Let a = -17004 + 31476. What is the ten thousands digit of a?
1
Let d(l) = -119*l - 35. Let r = 298 + -306. What is the tens digit of d(r)?
1
Let q(u) = 37*u - 46. Let d(o) = 37*o - 46. Let g(h) = 2*d(h) - 3*q(h). What is the hundreds digit of g(-7)?
3
Let f = -1516 + 2953. Let k = -855 + f. What is the hundreds digit of k?
5
Suppose 5*o + q - 593 = 0, 4*q - q = -5*o + 599. Let p = 378 + -409. Let d = o + p. What is the tens digit of d?
8
Let q(d) = 9161*d + 14. What is the units digit of q(1)?
5
Let f(x) = 3*x**2 - 9*x + 4. Let h(q) = -q**2. Let r(b) = f(b) + 2*h(b). Let u = -230 - -239. What is the units digit of r(u)?
4
Let y = 8194 + -5698. Suppose -299*q + y = -291*q. What is the tens digit of q?
1
Let s = 675 - 655. Suppose -y - 3*y = -s, 5*y = b + 17. What is the units digit of b?
8
Suppose -47*i + 49*i = 6. Suppose 2*s + 3*p - 1245 = -2*p, i*p = 2*s - 1253. What is the hundreds digit of s?
6
Suppose 0 = -a + 104 - 17. Suppose 0 = -g + 2*g - a. Suppose 2*t = x + g, -2*t = -0*x + 2*x - 102. What is the tens digit of t?
4
Let x = -2265 - -7243. What is the units digit of x?
8
Suppose -5*b = -3*q, b + 0*q = 4*q. Suppose b = 11*g + 17*g - 16912. What is the units digit of g?
4
Suppose 52491 = 11*s + 15850. Suppose 3*h = -m + s + 273, -4*h = 2*m - 4802. What is the thousands digit of h?
1
Suppose 0 = -1240*j + 1177*j + 1107540. What is the hundreds digit of j?
5
Suppose 2*d - 30 = -30. Suppose -3*h = 5*b - 1304, 3*b + 3*h - h - 782 = d. What is the units digit of b?
2
Suppose -116 = -5*l + 3*k, -3*l + 5*k = 8*k - 84. Suppose l*f = 8*f + 1326. What is the tens digit of f?
7
What is the ten thousands digit of (-24)/32 + (-319100)/48*-3?
1
Let c = 289 + -280. Suppose -2*f = c*f - 2046. What is the hundreds digit of f?
1
Suppose -1211*v = -1214*v + 86064. What is the tens digit of v?
8
Let r(x) = x**3 + 16*x**2 + x + 8. Let p = 20 + -36. Let a be r(p). What is the units digit of (140/a - 3)*-2?
1
Let i(z) = -42*z + 56. Let a be i(-15). Suppose 6*q - a = -8*q. What is the tens digit of q?
4
Suppose -9*c + 288 = 3*c. What is the units digit of ((-12)/c)/((-2)/1264)?
6
Let j = -3150 + 4511. Suppose 0 = s - 2*y - 259 + j, -y + 5528 = -5*s. What is the hundreds digit of (44/(-6))/(s/273 + 4)?
1
Let y = 12178 + -2677. What is the thousands digit of y?
9
Let n(z) = 82*z + 412. What is the hundreds digit of n(0)?
4
Suppose -5*q - b = -0*b + 47, 0 = 5*q + 4*b + 38. What is the hundreds digit of ((-26442)/65)/(4/q)?
0
Suppose 3*j + 0*u = 5*u - 19, u = -2*j + 9. Let v(o) = -17*o**3 + 3*o**2 - 2*o. Let w be v(j). Let l = w + 189. What is the units digit of l?
1
Let s = 10916 - 7081. What is the hundreds digit of s?
8
Let v be -4*1*15/(-20). Let a be 1*195 + v - 4. Let l = -112 + a. What is the tens digit of l?
8
Let c(d) = -54*d - 147. Let u be c(-8). Suppose -4*w = -5*a + 2849, a = 5*w + u + 289. What is the hundreds digit of a?
5
Let r(y) = y**3 - 7*y**2 - 21*y + 10. Let n be r(9). Let c(f) = f**2 + 20*f + 25. Let g be c(n). What is the units digit of g*((-65)/10 - -4)?
5
Suppose -2*t + 3047 = -4*y + 399, 2*t + 2*y - 2636 = 0. Suppose -2*d = -5*q - 509, t = 5*d + 2*q - 5*q. What is the units digit of d?
7
Suppose -128*s + 22800 + 47921 + 121663 = 0. What is the thousands digit of s?
1
Let h(d) = -31*d**3 - 3*d**2 + 28. What is the tens digit of h(-7)?
1
Let q(v) = v**3 - 16*v**2 + 16*v + 1. Let u be q(15). Suppose 0 = 2*w - u + 4. What is the units digit of 61 - w - (-1 + (-1 - -1))?
6
Suppose 8*d - 1716 = 1900. Suppose -172*y + 168*y = -d. What is the tens digit of y?
1
Let x be (-1)/(5/60*-2). Suppose 0 = -2*q - x*q. Suppose q = 9*j - 0*j - 1539. What is the tens digit of j?
7
Suppose 5*r = 4*v - 80, 2*v - 2*r - 18 = -5*r. Suppose 6*d = d + v. Suppose s = -d*s + 660. What is the units digit of s?
5
Let k(d) be the second derivative of d**5/20 - 2*d**4/3 - d**3/6 - 17*d**2/2 + 80*d. What is the tens digit of k(9)?
5
Suppose -3*b + 64 = -b. Suppose b = -4*r - 4*r. Let x(m) = -14*m - 15. What is the units digit of x(r)?
1
Suppose 6*u - 19 = -7. Suppose u*w = 4*q + 5*w - 35, 0 = -2*q + 3*w - 5. Suppose 0 = 3*m + 3*a - 369, -5*m - 3*a = -q*a - 594. What is the tens digit of m?
2
Suppose -1942936 - 229127 = -49*d + 997894. What is the tens digit of d?
9
Suppose 6*z = -7*z + 65. Suppose r - 2*r + 442 = -3*g, z*r - 2*g = 2249. What is the hundreds digit of r?
4
Let d(c) = 2978*c**2 + 14*c - 27. What is the hundreds digit of d(2)?
9
Let w = 36 - 32. Let i be (w - -2)/((-3)/(-75)). Suppose k + i = 3*k. What is the tens digit of k?
7
Suppose p - 4480 + 37212 = 15*p. What is the hundreds digit of p?
3
Let j(o) = -1 - 7*o + 22*o**3 + 6 + 10*o**2 - 23*o**3. Suppose 10 + 5 = 3*m - 3*h, 0 = -m + 2*h + 3. What is the hundreds digit of j(m)?
1
Suppose 3*q - 86 = 2*x + 175, -5*q - 2*x + 419 = 0. What is the tens digit of q?
8
What is the thousands digit of ((-690)/9)/(240/(-31392))?
0
Let v be (1/3)/(4/(-42))*-14. Let x = 41 - v. Let k(s) = 2*s**2 + 13*s + 14. What is the units digit of k(x)?
8
Let a(u) be the second derivative of -7/6*u**3 - 1/4*u**4 + 0*u**2 + 1/20*u**5 - 5*u + 0. What is the units digit of a(5)?
5
Let x = -5050 + 21083. What is the hundreds digit of x?
0
Let i(l) = 20*l - 29. Let p be i(32). Suppose -t - p = -1854. What is the hundreds digit of t?
2
Suppose -14*o + 116408 = -6*o. What is the units digit of o?
1
Let d(n) = n**2 + 8*n + 6. Let w be d(-8). Suppose -37*o + 42*o = -5. What is the tens digit of (-29*w/(-3) - 2) + o?
5
Let m = -23255 + 33550. What is the tens digit of m?
9
Suppose -5*v = -4*q - 39233, 3*v + 14*q = 19*q + 23532. What is the units digit of v?
9
Let v = -219 + 219. Suppose 2*g - 607 = 5*w, v*g - 4*w + 853 = 3*g. What is the tens digit of g?
9
Suppose 4*g = 4*o - 2752, 2*o - 7*o + 2072 = -3*g. Let b = g + 1179. What is the hundreds digit of b?
4
Let y(l) = l**3 + 9*l**2 + 8*l + 1. Let w(g) = 2*g + 4. Let b be w(4). Suppose 5*t = 3*t - b. What is the units digit of y(t)?
1
Let s be (726/9)/(((-28)/12)/(-7)). Suppose -3*n + 90 = w, 2*w - s = n - 34. Suppose g = -g + w. What is the units digit of g?
1
Let i(o) = o**2 + 16*o + 32. Let h be i(-5). Let d = h + 43. Suppose -a + 5*r = -d, 0*r + 4*r - 176 = -4*a. What is the units digit of a?
0
Let c = 25656 + -23911. What is the units digit of c?
5
Let i = 8936 - -1491. What is the thousands digit of i?
0
Let w = -58788 + 128373. What is the tens digit of w?
8
Let j(i) = -131*i + 192. What is the tens digit of j(-44)?
5
Let i(c) = 5*c - 7. Let p be i(-11). Let m = p - -66. What is the units digit of (-2)/1 + 1 + m?
3
Let z(g) = g**3 - 5*g**2 - g + 8. Suppose 3*o = t + 17, -3*t = -2*o + 2 + 14. Let x be z(o). What is the tens digit of (27 - x) + (-2 - -2)?
2
Suppose -478 = -3*v - 5*n, 93 + 221 = 2*v + n. Suppose -81 = -a + 3*y, -4*y = -3*a + a + v. What is the units digit of (0 - 2)/(a/37 - 2)?
7
Let h(s) = -3*s**3 + s**2 + s + 22. Let k be h(-12). Suppose 283 - k = -15*f. What is the tens digit of f?
3
Let h = 30867 